
4
Calculate the remainder when 527 is divided by 87.
5
Calculate the remainder when 336 is divided by 113.
110
Calculate the remainder when 273 is divided by 23.
20
Calculate the remainder when 239 is divided by 1.
0
Calculate the remainder when 2364 is divided by 37.
33
What is the remainder when 497 is divided by 14?
7
What is the remainder when 499 is divided by 20?
19
What is the remainder when 20226 is divided by 7?
3
Calculate the remainder when 117 is divided by 36.
9
Calculate the remainder when 6597 is divided by 22.
19
What is the remainder when 336 is divided by 132?
72
Calculate the remainder when 155 is divided by 117.
38
What is the remainder when 18 is divided by 2?
0
Calculate the remainder when 348 is divided by 32.
28
What is the remainder when 824 is divided by 275?
274
Calculate the remainder when 93 is divided by 13.
2
What is the remainder when 1985 is divided by 40?
25
Calculate the remainder when 24 is divided by 16.
8
Calculate the remainder when 183 is divided by 95.
88
Calculate the remainder when 13126 is divided by 12.
10
What is the remainder when 93 is divided by 22?
5
Calculate the remainder when 280 is divided by 47.
45
Calculate the remainder when 434 is divided by 60.
14
Calculate the remainder when 781 is divided by 386.
9
Calculate the remainder when 989 is divided by 369.
251
Calculate the remainder when 651 is divided by 73.
67
What is the remainder when 193 is divided by 25?
18
What is the remainder when 875 is divided by 73?
72
Calculate the remainder when 1007 is divided by 48.
47
What is the remainder when 539 is divided by 149?
92
Calculate the remainder when 578 is divided by 29.
27
What is the remainder when 143 is divided by 9?
8
What is the remainder when 379 is divided by 32?
27
Calculate the remainder when 108 is divided by 29.
21
Calculate the remainder when 1036 is divided by 95.
86
Calculate the remainder when 286 is divided by 73.
67
Calculate the remainder when 451 is divided by 116.
103
What is the remainder when 53 is divided by 19?
15
What is the remainder when 1437 is divided by 181?
170
Calculate the remainder when 188 is divided by 65.
58
What is the remainder when 608 is divided by 12?
8
Calculate the remainder when 579 is divided by 10.
9
What is the remainder when 4952 is divided by 177?
173
What is the remainder when 1219 is divided by 20?
19
What is the remainder when 33020 is divided by 79?
77
What is the remainder when 452 is divided by 9?
2
Calculate the remainder when 821 is divided by 59.
54
What is the remainder when 480 is divided by 54?
48
What is the remainder when 231 is divided by 101?
29
What is the remainder when 116 is divided by 63?
53
Calculate the remainder when 1207 is divided by 7.
3
What is the remainder when 200 is divided by 37?
15
What is the remainder when 958 is divided by 32?
30
What is the remainder when 275 is divided by 114?
47
What is the remainder when 454 is divided by 51?
46
What is the remainder when 207 is divided by 42?
39
Calculate the remainder when 3 is divided by 3.
0
Calculate the remainder when 121 is divided by 44.
33
Calculate the remainder when 305 is divided by 71.
21
Calculate the remainder when 1367 is divided by 21.
2
What is the remainder when 183 is divided by 11?
7
Calculate the remainder when 921 is divided by 7.
4
What is the remainder when 57 is divided by 7?
1
What is the remainder when 38 is divided by 2?
0
Calculate the remainder when 87 is divided by 28.
3
What is the remainder when 468 is divided by 93?
3
Calculate the remainder when 14 is divided by 4.
2
What is the remainder when 2805 is divided by 54?
51
What is the remainder when 405 is divided by 135?
0
Calculate the remainder when 202 is divided by 30.
22
What is the remainder when 677 is divided by 156?
53
Calculate the remainder when 249 is divided by 137.
112
What is the remainder when 225 is divided by 48?
33
Calculate the remainder when 112 is divided by 41.
30
Calculate the remainder when 228 is divided by 21.
18
What is the remainder when 315 is divided by 29?
25
Calculate the remainder when 41683 is divided by 38.
35
Calculate the remainder when 705 is divided by 344.
17
Calculate the remainder when 493 is divided by 100.
93
What is the remainder when 4989 is divided by 100?
89
Calculate the remainder when 279 is divided by 56.
55
Calculate the remainder when 1095 is divided by 137.
136
Calculate the remainder when 716 is divided by 9.
5
What is the remainder when 420 is divided by 9?
6
What is the remainder when 1272 is divided by 20?
12
What is the remainder when 486 is divided by 243?
0
What is the remainder when 118 is divided by 43?
32
What is the remainder when 220 is divided by 19?
11
Calculate the remainder when 1265 is divided by 18.
5
What is the remainder when 228 is divided by 57?
0
Calculate the remainder when 675 is divided by 253.
169
What is the remainder when 4981 is divided by 47?
46
Calculate the remainder when 146 is divided by 77.
69
Calculate the remainder when 1673 is divided by 130.
113
Calculate the remainder when 107 is divided by 93.
14
What is the remainder when 19704 is divided by 352?
344
What is the remainder when 4254 is divided by 99?
96
What is the remainder when 179 is divided by 105?
74
What is the remainder when 72 is divided by 15?
12
Calculate the remainder when 1432 is divided by 299.
236
What is the remainder when 441 is divided by 142?
15
Calculate the remainder when 341 is divided by 43.
40
What is the remainder when 90 is divided by 29?
3
Calculate the remainder when 20183 is divided by 348.
347
What is the remainder when 107 is divided by 27?
26
What is the remainder when 150 is divided by 47?
9
Calculate the remainder when 21653 is divided by 27.
26
What is the remainder when 66 is divided by 24?
18
What is the remainder when 22128 is divided by 5?
3
What is the remainder when 936 is divided by 274?
114
What is the remainder when 2079 is divided by 20?
19
What is the remainder when 119 is divided by 27?
11
Calculate the remainder when 4738 is divided by 237.
235
What is the remainder when 251 is divided by 91?
69
Calculate the remainder when 67 is divided by 31.
5
What is the remainder when 597 is divided by 11?
3
Calculate the remainder when 847 is divided by 44.
11
Calculate the remainder when 83 is divided by 34.
15
Calculate the remainder when 56 is divided by 12.
8
What is the remainder when 33 is divided by 20?
13
Calculate the remainder when 93 is divided by 20.
13
Calculate the remainder when 155 is divided by 88.
67
Calculate the remainder when 107 is divided by 8.
3
Calculate the remainder when 2654 is divided by 40.
14
What is the remainder when 596 is divided by 106?
66
Calculate the remainder when 280 is divided by 43.
22
What is the remainder when 537 is divided by 15?
12
Calculate the remainder when 527 is divided by 38.
33
What is the remainder when 416 is divided by 42?
38
Calculate the remainder when 514 is divided by 268.
246
Calculate the remainder when 70981 is divided by 27.
25
What is the remainder when 4554 is divided by 2277?
0
Calculate the remainder when 1247 is divided by 109.
48
What is the remainder when 4077 is divided by 170?
167
What is the remainder when 2581 is divided by 36?
25
What is the remainder when 459 is divided by 38?
3
Calculate the remainder when 1629 is divided by 68.
65
Calculate the remainder when 134 is divided by 9.
8
What is the remainder when 6653 is divided by 24?
5
Calculate the remainder when 663 is divided by 29.
25
Calculate the remainder when 24 is divided by 9.
6
What is the remainder when 554 is divided by 56?
50
What is the remainder when 19782 is divided by 15?
12
Calculate the remainder when 190 is divided by 99.
91
What is the remainder when 1673 is divided by 118?
21
Calculate the remainder when 280 is divided by 63.
28
What is the remainder when 5675 is divided by 129?
128
What is the remainder when 3073 is divided by 28?
21
What is the remainder when 939 is divided by 155?
9
Calculate the remainder when 322 is divided by 40.
2
Calculate the remainder when 10 is divided by 4.
2
What is the remainder when 2312 is divided by 75?
62
Calculate the remainder when 527 is divided by 331.
196
What is the remainder when 4 is divided by 2?
0
Calcula